*b**2 - 51*b + 26. Let j(k) = -6*k - 57. Let m be j(-13). List the prime factors of w(m).
719
Let f(q) = -2*q**2 + 11*q - 15. Let r be f(6). Let n = r - -18. What are the prime factors of 214*(-4)/(-24)*(n + 6)?
107
Suppose 10 = 6*k - 104. Let b(z) = -17 + z**3 + 5*z**2 - 11*z + 43*z - 14*z**2 - k*z. List the prime factors of b(8).
23
Let h = 919 + 134. List the prime factors of h - (-8 + 2 - -10).
1049
Let m be 300/(-70)*(-21)/9. Suppose -576 = 8*f - m*f. List the prime factors of f.
2, 3
Suppose 4*i - z - 42797 = 0, -31611 = -5*i + z + 21884. List the prime factors of i.
2, 3, 1783
Let f(n) be the third derivative of -77*n**4/24 - 157*n**3/6 + 50*n**2 - 3*n. List the prime factors of f(-25).
2, 13, 17
Suppose 5*v = -5*q + 4 - 19, q = -3*v - 13. Let b(m) = 25*m**3 - 2*m**2 + 5*m - 5. List the prime factors of b(q).
197
Suppose 28*z - 72 = 40*z. Let w(j) = 10*j + 1. Let t be w(2). Let d = t + z. What are the prime factors of d?
3, 5
Let f(x) = 6541*x**3 - x**2 + 4*x - 2. Let y be f(1). Suppose 21*z + y = 34535. List the prime factors of z.
31, 43
Let u = -25165 + 72951. List the prime factors of u.
2, 23893
Let g(z) be the second derivative of z**5/20 + 11*z**4/12 - 8*z**3/3 - 25*z**2/2 + 28*z. What are the prime factors of g(-10)?
5, 47
Let y be -3 - (2/2)/1 - -8. Suppose -y = -n, 5*x + 6*n - 7*n = 2856. List the prime factors of x.
2, 11, 13
Suppose 79*d - 1836912 = 70*d - 133*d. List the prime factors of d.
2, 3, 7, 11
Suppose 15 = u + 4*m, 4*u + 2*m + 37 - 97 = 0. Let i be -11*5/(u/(-3)). Let w(r) = 10*r + 25. What are the prime factors of w(i)?
3, 5
Suppose 5*d = 5*z - 10, 4*d + 17 = -67*z + 62*z. What are the prime factors of (-161)/14*2*d?
3, 23
Suppose 283*s = 3*s - 222*s + 1937218. What are the prime factors of s?
17, 227
Let u(w) be the second derivative of -31*w**3/6 + 161*w**2/2 - 25*w + 2. List the prime factors of u(-21).
2, 7, 29
What are the prime factors of (48/102)/4 + 5033028/221?
2, 59, 193
Let h be -8 - (-132)/16 - 561/(-12). Suppose h*a - 888 = 39*a. What are the prime factors of a?
3, 37
Suppose -10*n = n - 25*n + 49294. What are the prime factors of n?
7, 503
Suppose 9*j + 4*j + 13 = 0. What are the prime factors of ((-1144)/40)/(((-2)/(-10))/j)?
11, 13
Suppose 68*b + 123*b = 5139046. List the prime factors of b.
2, 11, 1223
Let z(f) = -f**3 + 6*f**2 - f + 9. Let r be z(6). Suppose 260 = 2*g - 3*o, -3*g + r*o - 260 = -5*g. List the prime factors of g.
2, 5, 13
Let q(c) = -2*c**3 - 6*c**2 + 12*c - 10. Let x = -229 + 222. List the prime factors of q(x).
2, 149
Let f be (-299)/91 - (-2)/7. Let y be (f/5 - 21/15) + -10. Let a = 27 - y. List the prime factors of a.
3, 13
Let g(u) = -6*u - 106. Let b be g(-18). Suppose -6*o + 2546 = -2*o + b*a, -2*o - 5*a = -1293. List the prime factors of o.
2, 317
Suppose t - 4 = 2*b - 2, 19 = 2*t - b. Let u be 0 - (-3 + (-216)/(t/(-4))). Let m = 284 + u. What are the prime factors of m?
5, 43
Let o(l) = -l - 17. Let u be o(0). Let w(s) be the third derivative of s**5/60 + 5*s**4/24 - 3*s**3 + 39*s**2. What are the prime factors of w(u)?
2, 3, 31
Let c be (-26478)/(-14) - (-26)/(-91). Suppose 5*r - 4655 = -6*g + 4*g, -2*r + 5*g = -c. What are the prime factors of r?
3, 311
Let r(o) = -4199*o**3 - o**2 + 9*o + 8. Let g be r(-1). Suppose 3*j + t = 4197, 15*j - 12*j + 5*t = g. What are the prime factors of j?
1399
What are the prime factors of ((-8)/(-28) - (-813)/(-28))/((-24)/28704)?
5, 13, 23
Let r = -17497 - -39368. What are the prime factors of r?
21871
Let c be (372/8)/(2/4). Let k = c + -34. Suppose -k = -4*i + 5*s + 56, -i = 5*s - 35. What are the prime factors of i?
2, 3, 5
Suppose -65 = -3*s - 17. Suppose -12*t + 8*t = -s. Suppose -4*w + 100 = -4*i, t*w + i + 33 = 123. List the prime factors of w.
23
Suppose -144*h + 152*h + 320 = 0. List the prime factors of (-12278)/(-16) - (-5)/h*3.
13, 59
Suppose 3*g - 48 = 2*a + 63, g + 2*a = 45. Let p = 88 + -42. Let w = p - g. What are the prime factors of w?
7
Suppose -123*b + 1651100 = -1213078. List the prime factors of b.
2, 3, 3881
Suppose 12 = -2*t + 5*t. Suppose 0*h = t*h - 48. Suppose -h + 164 = 2*k. List the prime factors of k.
2, 19
Let t = 432 - 1055. Let w = t + 1191. List the prime factors of w.
2, 71
List the prime factors of (15 + 314391/49 + (-2)/14)*5.
5, 59, 109
Let y(n) = 26*n**2 - 56*n + 496. List the prime factors of y(10).
2, 317
List the prime factors of ((-52935)/(-10))/((-120)/16 - -9).
3529
Let j(o) be the second derivative of -97*o**3/6 + 13*o**2/2 + 57*o. What are the prime factors of j(-3)?
2, 19
Suppose 6*g + 4*l + 8942 = 11*g, 4*g - 3*l = 7153. Let s = g + -633. List the prime factors of s.
1153
Let r be (4 + (-40)/12 - 0)*87. Let z = r - 70. List the prime factors of (-1509)/z - 2/(-8).
2, 3, 7
Suppose 0 = 5*b + 3*y - 6*y - 62, -5*y = b + 10. Suppose 3*o + b*o - 2626 = 0. What are the prime factors of o?
2, 101
Let g = 15156 - 10299. What are the prime factors of g?
3, 1619
Suppose -d + 23 = -0. Suppose 0 = -q - o + 4, 0 = 4*q + o - d + 4. Suppose -4*k = -q*x + 124, -x + 2*k + 24 = k. What are the prime factors of x?
2, 7
Suppose -a = -d + 1, 4*a + 6 = 6*a - 4*d. What are the prime factors of 4*(43 - (a + 7))?
2, 41
Suppose 0 = -48*o + 79957 + 32414 + 23325. What are the prime factors of o?
11, 257
Let i(h) = -h**3 + 16*h**2 - 6*h + 4. Let m be i(16). Let y = m + -136. Let u = y - -330. List the prime factors of u.
2, 3, 17
Let x be (-1604)/76 + -2 + (-40)/(-19). Let l(j) = j**3 + 22*j**2 + 10*j + 1. List the prime factors of l(x).
2, 29
List the prime factors of (-46014)/(-1) - (2/3)/((-101)/606).
2, 7, 19, 173
Let l(k) = 2*k**2 - 16*k + 3. Let r be l(8). List the prime factors of (r*-7)/(((-35)/15)/7).
3, 7
Let f(s) = 2*s**3 - 7*s**2 + 38*s - 24. What are the prime factors of f(5)?
241
Let v(u) = 43*u**3 + 5*u**2 + u - 12. Let p = 528 - 526. List the prime factors of v(p).
2, 3, 59
Suppose -78*m + 34 = -76*m. Suppose -2420 = -m*h + 12*h. What are the prime factors of h?
2, 11
Let k(u) = -99*u - 1377. Let t be k(-14). Let v = 384 - 240. Suppose -t*b = -v - 684. List the prime factors of b.
2, 23
Let b = -1397 - -2095. Suppose q - 2*i + 5*i - 171 = 0, 5*i - b = -4*q. List the prime factors of q.
3, 59
Suppose -5*i = -4*t - 30, 6*i + 2*t = i + 30. List the prime factors of 186 - i*(-3)/6.
3, 7
Let h(t) = t**3 + 3*t**2 - t + 2. Let x be h(-3). Let f(z) = x - 3*z**2 - 9 + 7*z**2 + 2. List the prime factors of f(3).
2, 17
Suppose 18*n + 1419 = -6897. Suppose -x - 536 = 160. Let y = n - x. What are the prime factors of y?
2, 3, 13
Let t(i) = 87 - 71*i + 28*i + i**2 + 24*i + 13*i. List the prime factors of t(16).
13, 19
Suppose -5*y - 14 = -24. Suppose -y + 8 = 3*g. Suppose 2*t = -3*f - g*f + 13, 2*t + f - 33 = 0. What are the prime factors of t?
19
Let m be (-3 + 3 + 0)/(-2 + 1). Suppose m = -3*d + 1 - 4. What are the prime factors of (15 + -19)*d/2?
2
Let l(m) be the second derivative of 3*m**4 - 2*m**2 + 0 + 5/6*m**3 + 30*m. What are the prime factors of l(2)?
2, 3, 5
Let o(z) = 160*z + 2804. List the prime factors of o(0).
2, 701
Suppose -20239 + 329694 + 398065 = 44*l. List the prime factors of l.
2, 3, 5, 67
Suppose 2*w - 46294 = -4*u, 5*u - 6*w - 49289 = 8587. List the prime factors of u.
2, 3, 643
Suppose -3*s + 1 = -5. Suppose 3*i = -c - 25, 18 = -2*i - c + s. Let z = 0 - i. What are the prime factors of z?
3
Let u(d) = 1694*d**2 + d + 4*d - 1651*d**2. What are the prime factors of u(-3)?
2, 3, 31
Let d = -54 + 81. Suppose d*u + 356 = 29*u. List the prime factors of u.
2, 89
Let j = -40 + 40. Suppose j = -5*h - 3 + 38. Suppose -4*u - 321 = -h*u. What are the prime factors of u?
107
Let t = 144 - 58. Let n = t + -86. Suppose o - r = 225, -r - 455 = -2*o - n*r. List the prime factors of o.
2, 5, 23
Let u = -58759 + 82931. What are the prime factors of u?
2, 6043
Let l = 7303 - 2079. List the prime factors of l.
2, 653
Let f(a) = 10*a + 15. Let p be f(-3). What are the prime factors of (3 + p)/6 + 640 + 1?
3, 71
Let y(x) = -6*x**2 - 8*x. Let n(z) = 7*z**2 + 10*z. Let k(m) = -5*n(m) - 6*y(m). Let s be k(9). Let t = s - -124. List the prime factors of t.
11, 17
Let n be ((-2 - -346) + 3)*-3. Let a be ((-6)/(-9))/((-2)/n). Suppose 3*i = 5*y + a, 0 = -3*i + 4*i - 5*y - 109. What are the prime factors of i?
7, 1